 f. Is a a composite number?
False
Let m be (-3)/(-4) - ((-9)/(-12) - 0). Suppose 0 = -3*i + 15, m*p - 1079 = -3*p - i. Is p a composite number?
True
Suppose 127*j = 119*j + 16472. Is j a composite number?
True
Suppose 15*v + 144313 = 437518. Is v composite?
True
Let v be 6/15*(3 + 2). Is 8/(-2 - v) - -441 composite?
False
Let j(n) = -3*n + 21. Let d be j(6). Suppose -d*x + 4072 = -2675. Is x a prime number?
False
Suppose 0 = -5*c + 4*d + 67, -3*c = -6*d + 2*d - 37. Is 2 - (-5)/(c/1161) a composite number?
False
Let q(g) = -297*g**3 + 5*g**2 - 5*g - 20. Is q(-3) prime?
True
Suppose -4*n - 2*m + 10 = 0, 4*n - 6 = -m + 7. Suppose -195 = -n*z + 481. Is z prime?
False
Suppose -13*z + 7028 = 2218. Suppose -37 = -u + z. Is u prime?
False
Let l = 6589 - 2388. Is l a composite number?
False
Let b(t) = t**3 + t**2 - 25*t - 11. Is b(14) a prime number?
True
Let c(w) = 98*w + 139. Is c(11) a composite number?
False
Suppose 3*h = -0*h + 3*a + 1668, -4*a = -5*h + 2784. Suppose -4*s - s + h = 5*i, 544 = 5*s - 3*i. Suppose 0 = -2*w - 3*w + s. Is w prime?
False
Suppose 2 = -2*x, n - 4*n + 1366 = -x. Suppose -6*r + 133 = 1915. Let u = n + r. Is u composite?
True
Suppose 101758 = 9*r - 33359. Is r a composite number?
False
Let h(v) = -1457*v**3 - 5*v - 1. Is h(-2) prime?
False
Suppose 5*z = -y + 25, 2*y - z = 4*y - 14. Suppose 242 = y*l - 23. Is l a composite number?
False
Let y be (2 + (-16)/(-6))*(-9)/(-2). Suppose -5*g - y = 4, 5*g = 3*s - 406. Is s a composite number?
False
Let m = -861 + 2338. Is m a prime number?
False
Let o be (-81)/(-4 - -3) - -1. Suppose 0*w = -2*w + o. Let z = 162 - w. Is z composite?
True
Suppose -2633 + 583 = 5*q. Let s = 91 - q. Let z = -52 + s. Is z a prime number?
True
Let b = 6837 - 2695. Let n = -2343 + b. Is n prime?
False
Let n = 101 - -2208. Is n composite?
False
Suppose -6*y - 504 = -6258. Is y prime?
False
Let k = -13 + 20. Suppose -9*s = -k*s - 276. Suppose -3*b = -36 - s. Is b composite?
True
Let d be (-3)/(65/(-64) + 1). Suppose -b = 3*b - d. Let n = 75 + b. Is n prime?
False
Suppose l = 21 - 0. Let f be (-6)/(-4)*70/l. Suppose u - 120 = -2*u - 3*v, -f*u + 191 = 2*v. Is u a prime number?
True
Suppose -3*v + 4*v - 3 = 0. Suppose 2*x + v*x = 780. Suppose 2*t + 22 - x = 0. Is t a composite number?
False
Suppose 10*t - 10 = 5*t. Is t/((-2)/(-5) + 8228/(-20845)) prime?
True
Let r be (-1)/((-10698)/2674 - -4). Let c = r + 9. Is c a composite number?
True
Suppose -5*o - 5*q + 1910 = 0, -2*o + 0*o - 4*q + 766 = 0. Suppose 0 = 2*p - o - 113. Is p a composite number?
True
Let w(g) = 5*g + 13. Let y be w(-6). Let a = y - -22. Suppose a*p = p + 2540. Is p a composite number?
True
Suppose -371*t = -332*t - 262509. Is t composite?
True
Is (-3)/9 - (-877425)/45 prime?
False
Suppose t + 4 = -2*d, t + t = 5*d - 8. Let g be d/3*1 - -1. Is 1305/12 + g/4 a prime number?
True
Suppose 3*n = -3*f + 1755 - 318, 0 = 4*f + 3*n - 1921. Suppose 130 = z - 5*u - 344, -z = 5*u - f. Is z a composite number?
False
Let w(q) = q**2 + 2*q + 3. Let u be w(-2). Suppose -u*s + 3004 = -5*d, d - 609 = -s + 379. Is s composite?
True
Is -2*((-59119170)/1452 + (-4)/(-22)) prime?
False
Suppose -2*x + 120 = -22. Suppose 2*c + 3*s = 24, -5*c + x = 3*s - s. Is c/10*170/3 prime?
False
Let t be -158*(-3 + 2/(-4)). Suppose p = -d + 5*d + 177, 3*p - t = d. Is p prime?
False
Let t = -1678 - -8927. Is t a composite number?
True
Let m = -94 + 99. Suppose 10398 = g + m*g. Is g a composite number?
False
Suppose 54952 = 3*q + 11893. Suppose -q + 5637 = -4*w. Is w a composite number?
False
Let o = 7167 - 2906. Suppose 3*q - 1016 = o. Is q a prime number?
True
Let r(o) = o - 10 - 4*o + 17. Let h be r(12). Is h*(66/(-2))/3 a composite number?
True
Let l = -156 + 282. Suppose 3*a - 2235 = -879. Let n = a - l. Is n a prime number?
False
Let w(d) = -d - 5. Suppose 3*h + 20 = -4. Let i be w(h). Is 223/i + 4/(-12) a composite number?
True
Let g = 856 - -1963. Let t = g - 1162. Is t prime?
True
Suppose -4*y - 6601 = -v - 2*v, 2*v - 4414 = -4*y. Is v composite?
False
Is 22748 + -9*(-12)/(-12) a composite number?
False
Let o be (-1243)/6*-4 - 22/(-66). Suppose -o = -7*x + 1222. Is x composite?
False
Let c = -14170 + 44987. Is c prime?
True
Suppose 2166 = 3*g + 4*n, 3*g - n = 4*n + 2193. Let v = g - 409. Is v composite?
False
Let a = 67 - -4. Suppose 3*v - 3*n = -n + 106, -5*v = -n - 172. Let p = a - v. Is p prime?
True
Let b(z) = 4*z**3 - 14*z**2 + 7*z - 26. Is b(21) prime?
False
Suppose d = -2*d - 90. Is 2/6 + (-32900)/d composite?
False
Let d = -4830 - -1250. Let h = d + 5159. Is h composite?
False
Let o(q) = q**3 - 22*q**2 + 23*q - 9. Let m be o(21). Let g = m + 878. Is g a prime number?
True
Let g(a) = a**3 + 3*a**2 + 2*a + 3. Let l(w) = -w + 4. Let k be l(7). Let f be g(k). Is (1 + 523)*f/(-12) a composite number?
False
Suppose -1682 = -11*y + 10*y. Let t = 5181 - y. Is t a prime number?
True
Let o(x) be the third derivative of 19*x**6/120 + x**5/12 - x**4/4 - x**3/2 + 13*x**2. Is o(3) prime?
False
Let r(j) = 17*j + 0 - 12*j + 2 + 174*j. Suppose -f + 4 = -0*f. Is r(f) prime?
False
Suppose -486 = 4*o - 3778. Let k = o + -240. Is k prime?
False
Suppose -6 = -3*m, u + 3*m - 6 = -4*u. Suppose s - 3*q - 1549 = u, 1521 = -s + 2*s + 4*q. Is s a composite number?
True
Suppose 2*u = 4*t + 1034, -2*t = 3*u - 692 - 867. Suppose -u + 4234 = 5*d. Is d prime?
True
Let z(x) = -4*x**3 + 2*x**2 - 19*x - 26. Let p be z(-8). Suppose 2*j + 3*q - p = 0, -j = -3*q - 520 - 631. Is j a prime number?
True
Is 32641 + -6*(2 + 1 + -4) composite?
False
Let x(p) be the third derivative of -31*p**7/840 - p**5/120 + p**4/24 - 2*p**3/3 - 6*p**2. Let f(s) be the first derivative of x(s). Is f(-2) a prime number?
True
Suppose 11*a = 16*a - 27125. Is (-3)/((-15)/a) + 2 prime?
True
Let t(d) be the second derivative of -2*d**3 + d**4 + 4*d - 1/2*d**2 + 0. Is t(6) composite?
False
Let t = 21876 - 12145. Is t a prime number?
False
Let y be (-6*(-1)/4)/(63/8946). Suppose -5*m - 3*l + 190 = 0, -8*m + 190 = -3*m - 2*l. Let n = m + y. Is n prime?
True
Let k(s) = -203*s**2 - 2*s + 2. Let c be k(2). Let j = 2375 + c. Is j prime?
False
Let l be (15/2 + -1)*10. Suppose 3*i + 20 = s + 660, 5*s = -i + 224. Let f = i - l. Is f a composite number?
False
Suppose 0 = -6*o - 542 + 2432. Let p = 129 - o. Let y = 5 - p. Is y composite?
False
Let k = 15 + -12. Suppose s - v - 701 = -2*s, k*s + v - 709 = 0. Is s composite?
True
Let w(a) = -a**3 + 9*a**2 - 14*a + 7. Let v be w(7). Let m(t) = 419*t + 6. Is m(v) a prime number?
True
Let k(r) = 45*r - 228. Is k(35) a composite number?
True
Let t = 3928 - -1201. Is t a composite number?
True
Let c be ((-8)/(-6) - 2)*(-30)/(-20). Is c*(-3 - 1/(1/650)) a prime number?
True
Let f = 9 - 5. Suppose f = 2*m + 2*m. Is 2049/m + (-4 - -6) composite?
True
Let f = 4097 + 390. Is f a composite number?
True
Is 60 + -59 + 16348/1 a composite number?
False
Let m(d) = -246*d - 1. Let u(f) = 1. Let x(h) = m(h) - 4*u(h). Is x(-3) a composite number?
False
Let u(x) = -3171*x - 49. Is u(-18) a prime number?
False
Suppose -26*y + 115555 = 1649. Is y composite?
True
Let l = -22 + 15. Let m(s) = -6*s**2 + s**2 - 4 + 1 - s**3. Is m(l) a prime number?
False
Let o be (28/(-6))/(2 - (-205)/(-105)). Let u = o - -351. Is u prime?
False
Let q = -28 + 38. Let b = -10 + q. Suppose 5*d = -3*t + 1523, 0 = -b*t + t + 5*d - 521. Is t prime?
False
Suppose 5*n + 435 = -5*p - 680, -5*n + 709 = -3*p. Let q = -161 - p. Is q a prime number?
True
Suppose -386 - 523 = -3*l. Suppose 0 = 3*x + 5*v + 523, v = 5*x - 0*v + 909. Let y = x + l. Is y composite?
True
Suppose 0 = 2*a - 462 + 136. Let n = a - 44. Is n prime?
False
Let d(p) be the second derivative of p**4/4 - p**3 + 10*p**2 - 16*p. Is d(-7) a prime number?
False
Let v = -3801 + 8002. Is v a prime number?
True
Suppose 5*z = 10, 0 = -r + 13*z - 18*z + 31025. Is r composite?
True
Suppose 0 = 7*z + 1835 + 6474. Let d = 2050 + z. Is d a prime number?
True
Let d be 8/2*(-4)/8. Let t be 8 + 2/d - 2. Suppose t*c - 534 = -119. Is c a prime number?
True
Let g(v) = v**3 - v**2 + 10*v - 14. Let p be 256/40 - 6/15. Is g(p) composite?
True
Suppose 0 = -2*o + 7*o + 3570. Let k be (o/(-10))/(3/15). Suppose -2*m + k = 3*c, -2*c - 530 = -3*m - c. Is m a prime number?
False
Suppose 3*w + 5*a - 58